rime factors of 415699798?
2, 2411, 86209
What are the prime factors of 6539587021?
11, 311, 577, 3313
List the prime factors of 2809779942.
2, 3, 468296657
What are the prime factors of 66740706?
2, 3, 31, 39869
List the prime factors of 580010619.
3, 23, 8405951
What are the prime factors of 9323220?
2, 3, 5, 155387
List the prime factors of 98170389.
3, 10907821
What are the prime factors of 1318861081?
113, 179, 65203
List the prime factors of 1993426650.
2, 3, 5, 29, 152753
What are the prime factors of 360479981?
1913, 188437
List the prime factors of 39800241.
3, 13, 43, 293
What are the prime factors of 60438433?
11, 257, 21379
What are the prime factors of 436288769?
7, 89, 700303
List the prime factors of 231664048.
2, 7, 11, 43, 4373
List the prime factors of 3190740276.
2, 3, 131, 967, 2099
List the prime factors of 1684186997.
1684186997
What are the prime factors of 7211618713?
13, 1831, 302971
What are the prime factors of 201890133?
3, 71, 139, 2273
What are the prime factors of 1230841129?
7, 175834447
List the prime factors of 2385981781.
2385981781
List the prime factors of 92820961.
43, 2158627
List the prime factors of 878640871.
23, 941, 40597
List the prime factors of 726986619.
3, 37, 293, 7451
List the prime factors of 34500215.
5, 739, 9337
List the prime factors of 1313425801.
163, 8057827
List the prime factors of 603257460.
2, 3, 5, 13, 773407
List the prime factors of 53269508.
2, 13317377
What are the prime factors of 17040914?
2, 11, 67, 1051
List the prime factors of 80649883.
80649883
List the prime factors of 1398808254.
2, 3, 233134709
List the prime factors of 110528295.
3, 5, 557, 13229
List the prime factors of 907394619.
3, 353, 856841
What are the prime factors of 150110698?
2, 127, 590987
What are the prime factors of 171193177?
29, 691, 8543
List the prime factors of 93486302.
2, 7, 13, 103, 4987
What are the prime factors of 3893483824?
2, 243342739
List the prime factors of 3034329123.
3, 7, 144491863
What are the prime factors of 2414115808?
2, 13, 5803163
What are the prime factors of 1408896765?
3, 5, 31308817
List the prime factors of 347117309.
7, 11, 107, 42131
What are the prime factors of 45094887?
3, 556727
What are the prime factors of 2182967944?
2, 101, 2701693
What are the prime factors of 94729253?
17, 73, 76333
What are the prime factors of 656201857?
656201857
List the prime factors of 201166330.
2, 5, 29, 693677
What are the prime factors of 55574640?
2, 3, 5, 11, 2339
What are the prime factors of 57337443?
3, 113, 18793
List the prime factors of 61600671.
3, 11, 37, 67, 251
What are the prime factors of 17700402?
2, 3, 223, 13229
What are the prime factors of 175634851?
7, 25090693
List the prime factors of 5984644235.
5, 1196928847
List the prime factors of 72155143.
37, 1950139
List the prime factors of 2262855047.
5669, 399163
What are the prime factors of 90518584?
2, 13, 19, 2411
What are the prime factors of 514324662?
2, 3, 85720777
What are the prime factors of 49566073?
49566073
List the prime factors of 679956511.
13, 31, 37, 1471
List the prime factors of 89425577.
89425577
List the prime factors of 20143766.
2, 73, 281, 491
What are the prime factors of 426706827?
3, 73, 1948433
List the prime factors of 5525577709.
613, 9013993
What are the prime factors of 17088544?
2, 11, 43, 1129
What are the prime factors of 1131198676?
2, 282799669
List the prime factors of 124405698.
2, 3, 20734283
What are the prime factors of 512952085?
5, 102590417
List the prime factors of 231816162.
2, 3, 2903, 13309
What are the prime factors of 268253712?
2, 3, 29, 64237
What are the prime factors of 181631876?
2, 17, 47, 3343
List the prime factors of 738687052.
2, 83, 2224961
What are the prime factors of 43065690?
2, 3, 5, 1435523
List the prime factors of 21696440.
2, 5, 251, 2161
List the prime factors of 581095307.
13, 59, 379, 1999
List the prime factors of 1588144.
2, 99259
List the prime factors of 137596804.
2, 109, 315589
List the prime factors of 17074503.
3, 632389
List the prime factors of 58986718.
2, 7, 4213337
List the prime factors of 100170224.
2, 7, 11, 81307
What are the prime factors of 390573485?
5, 67, 71, 16421
What are the prime factors of 733746217?
683, 1074299
What are the prime factors of 4544945564?
2, 1136236391
What are the prime factors of 13804404?
2, 3, 37, 31091
List the prime factors of 65770756.
2, 17, 37, 26141
List the prime factors of 2877048627.
3, 37, 523, 49559
List the prime factors of 291933815.
5, 163, 358201
What are the prime factors of 150300414?
2, 3, 11, 401, 631
List the prime factors of 44348953.
11, 43, 93761
What are the prime factors of 9569890?
2, 5, 11, 719
What are the prime factors of 39469273?
39469273
What are the prime factors of 130386094?
2, 19, 3431213
What are the prime factors of 40281702?
2, 3, 6713617
List the prime factors of 312845893.
31, 157, 64279
List the prime factors of 431483903.
431483903
List the prime factors of 1262424171.
3, 179, 2350883
What are the prime factors of 253015948?
2, 421, 150247
What are the prime factors of 203144652?
2, 3, 29, 37, 1753
List the prime factors of 2855327320.
2, 5, 1181, 60443
List the prime factors of 59396415.
3, 5, 13, 304597
List the prime factors of 478146206.
2, 239073103
What are the prime factors of 366109688?
2, 7, 17, 29, 89, 149
List the prime factors of 2638965423.
3, 19, 46297639
List the prime factors of 2652187332.
2, 3, 221015611
What are the prime factors of 165157985?
5, 33031597
List the prime factors of 788130876.
2, 3, 13, 101, 50021
What are the prime factors of 1397478563?
13, 41, 67, 39133
What are the prime factors of 1183076235?
3, 5, 11, 2390053
What are the prime factors of 1071966248?
2, 83, 419, 3853
What are the prime factors of 87141669?
3, 29047223
What are the prime factors of 90382022?
2, 45191011
What are the prime factors of 220275364?
2, 67, 173, 4751
List the prime factors of 2213981984.
2, 69186937
List the prime factors of 5653121243.
7, 11, 19, 139, 27799
What are the prime factors of 293876545?
5, 58775309
List the prime factors of 54285305.
5, 10857061
What are the prime factors of 1310282279?
157, 8345747
List the prime factors of 483856510.
2, 5, 89, 543659
List the prime factors of 1536563294.
2, 7, 191, 574631
List the prime factors of 254397540.
2, 3, 5, 1301, 3259
What are the prime factors of 365562852?
2, 3, 30463571
What are the prime factors of 5925713?
47, 126079
What are the prime factors of 29113035?
3, 5, 7, 19, 14593
List the prime factors of 1724280404.
2, 7, 11, 799759
List the prime factors of 1681872777.
3, 13, 29, 37, 13397
List the prime factors of 277220971.
277220971
List the prime factors of 887739185.
5, 19, 131, 71333
List the prime factors of 650218175.
5, 26008727
What are the prime factors of 69585167?
69585167
What are the prime factors of 62663894?
2, 67, 467641
What are the prime factors of 289649557?
23, 317, 39727
What are the prime factors of 44663462?
2, 83, 269057
List the prime factors of 82999307.
31, 739, 3623
List the prime factors of 168518701.
13, 1531, 8467
List the prime factors of 868735881.
3, 13, 190387
What are the prime factors of 361169030?
2, 5, 53, 681451
What are the prime factors of 67409729?
67409729
What are the prime factors of 87426652?
2, 21856663
List the prime factors of 7475701730.
2, 5, 7, 23, 97, 47869
What are the prime factors of 7835708673?
3, 13, 569, 117701
What are the prime factors of 32381048?
2, 7, 73, 89
What are the prime factors of 53553435?
3, 5, 13, 67, 4099
What are the prime factors of 5533198214?
2, 41, 67478027
What are the prime factors of 102020422?
2, 7, 281, 25933
List the prime factors of 40401046.
2, 7, 2885789
List the prime factors of 107964350.
2, 5, 13, 166099
List the prime factors of 506256592.
2, 701, 45137
What are the prime factors of 3819478469?
431, 1777, 4987
List the prime factors of 4222828465.
5, 844565693
List the prime factors of 41890088.
2, 5236261
List the prime factors of 150591045.
3, 5, 11, 97
What are the prime factors of 125263874?
2, 6079, 10303
What are the prime factors of 1346626338?
2, 3, 17, 13202219
List the prime factors of 253838255.
5, 11, 4615241
List the prime factors of 1206991571.
29, 41620399
What ar